4233216.
64
Calculate the highest common factor of 107511 and 5997.
3
Calculate the greatest common factor of 7074326 and 294.
98
Calculate the highest common factor of 219704660 and 42.
14
Calculate the highest common factor of 423176717 and 43.
43
What is the greatest common factor of 7957812 and 9546?
222
Calculate the highest common divisor of 268176 and 61864.
296
What is the greatest common divisor of 277609824 and 423?
423
What is the highest common divisor of 5219758 and 41446?
2438
What is the highest common factor of 975 and 4735770?
195
What is the highest common divisor of 1134 and 112551201?
567
Calculate the highest common divisor of 17570 and 9283988.
3514
What is the greatest common factor of 11561 and 87824?
11
Calculate the greatest common divisor of 1318609738 and 62.
62
What is the highest common divisor of 245 and 1631455?
245
What is the highest common factor of 729 and 2280699?
9
Calculate the highest common factor of 42770 and 334555.
65
What is the greatest common divisor of 832119 and 21?
3
Calculate the greatest common divisor of 616 and 6773760.
56
Calculate the greatest common divisor of 149865001 and 33.
11
What is the highest common divisor of 9504 and 20825046?
594
Calculate the greatest common factor of 84 and 99168708.
12
Calculate the highest common divisor of 188531 and 46529.
161
What is the greatest common factor of 120281705 and 1798?
899
What is the highest common factor of 704088666 and 126?
18
What is the highest common divisor of 199938 and 18?
6
What is the highest common divisor of 83963968 and 132?
44
What is the greatest common factor of 4811 and 318376?
17
What is the greatest common divisor of 26738540 and 40?
20
What is the greatest common divisor of 30959096 and 4?
4
What is the highest common divisor of 238107 and 5836191?
1713
What is the greatest common divisor of 31 and 353840448?
31
Calculate the greatest common divisor of 238686 and 449778.
42
What is the highest common factor of 4889502 and 18?
18
What is the greatest common divisor of 4763 and 787719229?
4763
Calculate the highest common divisor of 444 and 58137249.
111
Calculate the greatest common divisor of 703 and 1161603.
19
What is the greatest common divisor of 55290050 and 31?
31
What is the highest common divisor of 31 and 645780871?
31
What is the greatest common factor of 23280 and 514320?
240
What is the highest common divisor of 125811 and 5145?
21
Calculate the highest common divisor of 9342 and 1846083.
519
What is the greatest common factor of 4514 and 14202598?
74
What is the highest common factor of 43 and 113772066?
43
Calculate the highest common divisor of 9075 and 309165.
15
Calculate the greatest common divisor of 571181 and 492635.
689
Calculate the greatest common factor of 720 and 7935.
15
Calculate the greatest common factor of 9430 and 154675.
115
What is the greatest common divisor of 1299329032 and 4?
4
Calculate the highest common divisor of 229415300 and 692.
692
Calculate the greatest common divisor of 1 and 46402793.
1
Calculate the greatest common divisor of 561 and 7001093.
187
What is the highest common divisor of 46342 and 6157094?
1598
Calculate the greatest common divisor of 1616 and 59184.
16
What is the highest common factor of 5724 and 42148296?
108
Calculate the highest common divisor of 81739185 and 660.
165
What is the greatest common divisor of 75140987 and 82?
41
What is the highest common divisor of 44732684 and 249?
83
Calculate the highest common divisor of 70043842 and 1615.
323
Calculate the highest common factor of 1904196 and 4564.
28
Calculate the highest common divisor of 11408 and 22192.
16
Calculate the highest common divisor of 66184180 and 40.
20
What is the highest common factor of 6089531 and 301?
301
What is the highest common divisor of 74893490 and 985?
985
Calculate the highest common divisor of 2190 and 49676500.
730
Calculate the highest common divisor of 82423484 and 173476.
5596
What is the greatest common divisor of 189400 and 48900?
100
Calculate the greatest common factor of 24 and 5114456.
8
Calculate the highest common divisor of 16053375 and 4810.
2405
What is the highest common factor of 63854 and 2576?
14
What is the greatest common divisor of 450846 and 12650?
506
Calculate the greatest common divisor of 48048 and 9997680.
3696
Calculate the highest common factor of 38967618 and 303.
303
Calculate the greatest common divisor of 7128 and 5445297.
99
What is the greatest common divisor of 366105311 and 3311?
473
Calculate the highest common divisor of 25 and 9988200.
25
What is the greatest common divisor of 56 and 12021716?
28
Calculate the greatest common factor of 4398 and 1548.
6
Calculate the highest common factor of 4036884 and 126228.
804
What is the highest common factor of 43976300 and 200?
100
What is the greatest common divisor of 15382952 and 95108?
3068
What is the greatest common factor of 51248720 and 21935?
535
What is the highest common factor of 14 and 280022449?
7
What is the highest common factor of 50 and 318080830?
10
Calculate the highest common divisor of 19873187 and 17.
17
Calculate the highest common factor of 67377 and 135975.
111
Calculate the highest common divisor of 39601813 and 308063.
6287
Calculate the highest common divisor of 4774125 and 1125.
375
What is the highest common divisor of 1132129 and 76153?
23
What is the highest common factor of 2158 and 4586082?
166
What is the highest common factor of 14457 and 1752591?
183
Calculate the highest common divisor of 620932160 and 10.
10
Calculate the greatest common divisor of 1880 and 948380.
20
Calculate the greatest common factor of 283720 and 151721.
173
Calculate the highest common factor of 1603827 and 6255441.
5157
Calculate the highest common factor of 470 and 42329610.
470
What is the greatest common factor of 7605 and 80649335?
845
Calculate the highest common factor of 9024 and 34704048.
2256
Calculate the greatest common divisor of 58753 and 76793.
41
Calculate the highest common factor of 352 and 161297152.
32
Calculate the highest common factor of 2844 and 5746302.
1422
What is the highest common factor of 204 and 29322212?
68
What is the highest common factor of 1204 and 2830303?
301
What is the greatest common factor of 122699340 and 2280?
1140
Calculate the highest common factor of 48 and 711556.
4
Calculate the greatest common factor of 4784 and 1102896.
368
Calculate the highest common factor of 1399656 and 2796.
12
What is the greatest common divisor of 158594 and 92144?
886
Calculate the highest common divisor of 534009 and 1938207.
1293
What is the highest common divisor of 23130283 and 352?
11
Calculate the highest common divisor of 184410577 and 3094.
221
Calculate the highest common divisor of 7460 and 486875035.
1865
Calculate the highest common divisor of 97365180 and 55506.
1914
Calculate the greatest common factor of 37 and 716069.
1
Calculate the highest common divisor of 4088 and 1210632.
584
Calculate the highest common factor of 680754 and 184.
46
Calculate the greatest common divisor of 1211 and 14777.
7
Calculate the greatest common divisor of 11430 and 432054.
2286
Calculate the greatest common divisor of 217213 and 174501.
281
What is the greatest common factor of 3510456 and 58636?
428
Calculate the highest common factor of 20117688 and 312.
24
What is the highest common divisor of 21411159 and 143?
11
What is the greatest common divisor of 10919 and 190625?
61
Calculate the highest common divisor of 112 and 2989984.
16
Calculate the highest common factor of 741845 and 923.
13
Calculate the highest common divisor of 24226436 and 533.
13
Calculate the greatest common factor of 171129 and 33381957.
5901
What is the highest common factor of 14001 and 79933863?
1077
What is the greatest common divisor of 721300 and 12650?
50
What is the highest common factor of 5599 and 40010963?
509
Calculate the greatest common factor of 3933 and 4365003.
57
Calculate the greatest common divisor of 28910 and 7021826.
826
Calculate the highest common divisor of 692 and 63964674.
346
What is the greatest common divisor of 299 and 177673873?
299
What is the highest common factor of 282150 and 402138?
594
Calculate the highest common divisor of 23772 and 34